[INFO] cloning repository https://github.com/tiborschneider/i3_status_rust
[INFO] running `Command { std: "git" "-c" "credential.helper=" "-c" "credential.helper=/workspace/cargo-home/bin/git-credential-null" "clone" "--bare" "https://github.com/tiborschneider/i3_status_rust" "/workspace/cache/git-repos/https%3A%2F%2Fgithub.com%2Ftiborschneider%2Fi3_status_rust", kill_on_drop: false }`
[INFO] [stderr] Cloning into bare repository '/workspace/cache/git-repos/https%3A%2F%2Fgithub.com%2Ftiborschneider%2Fi3_status_rust'...
[INFO] running `Command { std: "git" "rev-parse" "HEAD", kill_on_drop: false }`
[INFO] [stdout] f612704ce26ea46b24cb01f358a0b226db347adb
[INFO] checking tiborschneider/i3_status_rust against try#72f88fc4e9458f89516a0b8b0868f3718aec5b47 for pr-74989
[INFO] running `Command { std: "git" "clone" "/workspace/cache/git-repos/https%3A%2F%2Fgithub.com%2Ftiborschneider%2Fi3_status_rust" "/workspace/builds/worker-6/source", kill_on_drop: false }`
[INFO] [stderr] Cloning into '/workspace/builds/worker-6/source'...
[INFO] [stderr] done.
[INFO] validating manifest of git repo https://github.com/tiborschneider/i3_status_rust on toolchain 72f88fc4e9458f89516a0b8b0868f3718aec5b47
[INFO] running `Command { std: "/workspace/cargo-home/bin/cargo" "+72f88fc4e9458f89516a0b8b0868f3718aec5b47" "read-manifest" "--manifest-path" "Cargo.toml", kill_on_drop: false }`
[INFO] started tweaking git repo https://github.com/tiborschneider/i3_status_rust
[INFO] finished tweaking git repo https://github.com/tiborschneider/i3_status_rust
[INFO] tweaked toml for git repo https://github.com/tiborschneider/i3_status_rust written to /workspace/builds/worker-6/source/Cargo.toml
[INFO] crate git repo https://github.com/tiborschneider/i3_status_rust already has a lockfile, it will not be regenerated
[INFO] running `Command { std: "/workspace/cargo-home/bin/cargo" "+72f88fc4e9458f89516a0b8b0868f3718aec5b47" "fetch" "--locked" "--manifest-path" "Cargo.toml", kill_on_drop: false }`
[INFO] [stderr]     Updating crates.io index
[INFO] [stderr] error: the lock file /workspace/builds/worker-6/source/Cargo.lock needs to be updated but --locked was passed to prevent this
[INFO] [stderr] If you want to try to generate the lock file without accessing the network, use the --offline flag.
[INFO] the lockfile is outdated, regenerating it
[INFO] running `Command { std: "/workspace/cargo-home/bin/cargo" "+72f88fc4e9458f89516a0b8b0868f3718aec5b47" "generate-lockfile" "--manifest-path" "Cargo.toml" "-Zno-index-update", kill_on_drop: false }`
[INFO] [stderr]     Blocking waiting for file lock on package cache
[INFO] running `Command { std: "/workspace/cargo-home/bin/cargo" "+72f88fc4e9458f89516a0b8b0868f3718aec5b47" "fetch" "--locked" "--manifest-path" "Cargo.toml", kill_on_drop: false }`
[INFO] [stderr]     Blocking waiting for file lock on package cache
[INFO] [stderr]  Downloading crates ...
[INFO] [stderr]   Downloaded battery v0.7.6
[INFO] [stderr]   Downloaded mailparse v0.10.4
[INFO] [stderr]   Downloaded quoted_printable v0.4.2
[INFO] [stderr]   Downloaded network-manager v0.11.0
[INFO] [stderr]   Downloaded dbus v0.5.4
[INFO] [stderr]   Downloaded uom v0.29.0
[INFO] [stderr]   Downloaded maildir v0.3.4
[INFO] [stderr]   Downloaded charset v0.1.2
[INFO] running `Command { std: "docker" "create" "-v" "/var/lib/crater-agent-workspace/builds/worker-6/target:/opt/rustwide/target:rw,Z" "-v" "/var/lib/crater-agent-workspace/builds/worker-6/source:/opt/rustwide/workdir:ro,Z" "-v" "/var/lib/crater-agent-workspace/cargo-home:/opt/rustwide/cargo-home:ro,Z" "-v" "/var/lib/crater-agent-workspace/rustup-home:/opt/rustwide/rustup-home:ro,Z" "-e" "SOURCE_DIR=/opt/rustwide/workdir" "-e" "CARGO_TARGET_DIR=/opt/rustwide/target" "-e" "CARGO_HOME=/opt/rustwide/cargo-home" "-e" "RUSTUP_HOME=/opt/rustwide/rustup-home" "-w" "/opt/rustwide/workdir" "-m" "1610612736" "--user" "0:0" "--network" "none" "rustops/crates-build-env@sha256:d92eaeed33fa75130ca1ee6c8a01d1ffb62bac859dfdfb3450e3e5d1c0146529" "/opt/rustwide/cargo-home/bin/cargo" "+72f88fc4e9458f89516a0b8b0868f3718aec5b47" "metadata" "--no-deps" "--format-version=1", kill_on_drop: false }`
[INFO] [stdout] 7511063dce36daee8cee861d145232ea0d375aba3265bc603d10e09d020b08f0
[INFO] [stderr] WARNING: Your kernel does not support swap limit capabilities or the cgroup is not mounted. Memory limited without swap.
[INFO] running `Command { std: "docker" "start" "-a" "7511063dce36daee8cee861d145232ea0d375aba3265bc603d10e09d020b08f0", kill_on_drop: false }`
[INFO] running `Command { std: "docker" "inspect" "7511063dce36daee8cee861d145232ea0d375aba3265bc603d10e09d020b08f0", kill_on_drop: false }`
[INFO] running `Command { std: "docker" "rm" "-f" "7511063dce36daee8cee861d145232ea0d375aba3265bc603d10e09d020b08f0", kill_on_drop: false }`
[INFO] [stdout] 7511063dce36daee8cee861d145232ea0d375aba3265bc603d10e09d020b08f0
[INFO] running `Command { std: "docker" "create" "-v" "/var/lib/crater-agent-workspace/builds/worker-6/target:/opt/rustwide/target:rw,Z" "-v" "/var/lib/crater-agent-workspace/builds/worker-6/source:/opt/rustwide/workdir:ro,Z" "-v" "/var/lib/crater-agent-workspace/cargo-home:/opt/rustwide/cargo-home:ro,Z" "-v" "/var/lib/crater-agent-workspace/rustup-home:/opt/rustwide/rustup-home:ro,Z" "-e" "SOURCE_DIR=/opt/rustwide/workdir" "-e" "CARGO_TARGET_DIR=/opt/rustwide/target" "-e" "CARGO_INCREMENTAL=0" "-e" "RUST_BACKTRACE=full" "-e" "RUSTFLAGS=--cap-lints=forbid" "-e" "CARGO_HOME=/opt/rustwide/cargo-home" "-e" "RUSTUP_HOME=/opt/rustwide/rustup-home" "-w" "/opt/rustwide/workdir" "-m" "1610612736" "--user" "0:0" "--network" "none" "rustops/crates-build-env@sha256:d92eaeed33fa75130ca1ee6c8a01d1ffb62bac859dfdfb3450e3e5d1c0146529" "/opt/rustwide/cargo-home/bin/cargo" "+72f88fc4e9458f89516a0b8b0868f3718aec5b47" "check" "--frozen" "--all" "--all-targets" "--message-format=json", kill_on_drop: false }`
[INFO] [stdout] 5c6150c412ef9ead670e6f439953a1c59e75a2f31bb86a529d23d372d0a0e443
[INFO] [stderr] WARNING: Your kernel does not support swap limit capabilities or the cgroup is not mounted. Memory limited without swap.
[INFO] running `Command { std: "docker" "start" "-a" "5c6150c412ef9ead670e6f439953a1c59e75a2f31bb86a529d23d372d0a0e443", kill_on_drop: false }`
[INFO] [stderr]    Compiling libc v0.2.77
[INFO] [stderr]    Compiling pkg-config v0.3.18
[INFO] [stderr]    Compiling byteorder v1.3.4
[INFO] [stderr]    Compiling encoding_rs v0.8.24
[INFO] [stderr]    Compiling typenum v1.12.0
[INFO] [stderr]     Checking quoted_printable v0.4.2
[INFO] [stderr]     Checking bitflags v0.9.1
[INFO] [stderr]    Compiling battery v0.7.6
[INFO] [stderr]    Compiling curl v0.4.33
[INFO] [stderr]     Checking ascii v0.8.7
[INFO] [stderr]     Checking bytesize v1.0.1
[INFO] [stderr]     Checking openssl-probe v0.1.2
[INFO] [stderr]     Checking error-chain v0.11.0
[INFO] [stderr]     Checking json v0.11.15
[INFO] [stderr]    Compiling num-traits v0.2.12
[INFO] [stderr]    Compiling num-integer v0.1.43
[INFO] [stderr]     Checking tokio-timer v0.1.2
[INFO] [stderr]     Checking log v0.4.11
[INFO] [stderr]     Checking log v0.3.9
[INFO] [stderr]    Compiling openssl-sys v0.9.58
[INFO] [stderr]    Compiling libz-sys v1.1.2
[INFO] [stderr]    Compiling libdbus-sys v0.1.5
[INFO] [stderr]    Compiling curl-sys v0.4.36+curl-7.71.1
[INFO] [stderr]    Compiling alsa-sys v0.1.2
[INFO] [stderr]     Checking base64 v0.10.1
[INFO] [stderr]     Checking memchr v1.0.2
[INFO] [stderr]     Checking num_cpus v1.13.0
[INFO] [stderr]     Checking time v0.1.44
[INFO] [stderr]     Checking nix v0.9.0
[INFO] [stderr]     Checking socket2 v0.3.15
[INFO] [stderr]     Checking nix v0.14.1
[INFO] [stderr]     Checking dbus v0.5.4
[INFO] [stderr]     Checking nom v3.2.1
[INFO] [stderr]     Checking futures-cpupool v0.1.8
[INFO] [stderr]     Checking chrono v0.4.15
[INFO] [stderr]     Checking uom v0.29.0
[INFO] [stderr]     Checking charset v0.1.2
[INFO] [stderr]     Checking mailparse v0.10.4
[INFO] [stderr]     Checking systemstat v0.1.5
[INFO] [stderr]     Checking network-manager v0.11.0
[INFO] [stderr]     Checking alsa v0.2.2
[INFO] [stderr]     Checking maildir v0.3.4
[INFO] [stderr]     Checking status-parallel v0.1.0 (/opt/rustwide/workdir)
[INFO] [stdout] error[E0599]: no method named `as_usize` found for struct `ByteSize` in the current scope
[INFO] [stdout]   --> src/block/memory.rs:18:39
[INFO] [stdout]    |
[INFO] [stdout] 18 |         let perc = 100.0 - ((mem.free.as_usize() as f64) * 100.0) / (mem.total.as_usize() as f64);
[INFO] [stdout]    |                                       ^^^^^^^^ method not found in `ByteSize`
[INFO] [stdout] 
[INFO] [stdout] 
[INFO] [stdout] error[E0599]: no method named `as_usize` found for struct `ByteSize` in the current scope
[INFO] [stdout]   --> src/block/memory.rs:18:80
[INFO] [stdout]    |
[INFO] [stdout] 18 |         let perc = 100.0 - ((mem.free.as_usize() as f64) * 100.0) / (mem.total.as_usize() as f64);
[INFO] [stdout]    |                                                                                ^^^^^^^^ method not found in `ByteSize`
[INFO] [stdout] 
[INFO] [stdout] 
[INFO] [stdout] error[E0599]: no method named `as_usize` found for struct `ByteSize` in the current scope
[INFO] [stdout]   --> src/block/memory.rs:18:39
[INFO] [stdout]    |
[INFO] [stdout] 18 |         let perc = 100.0 - ((mem.free.as_usize() as f64) * 100.0) / (mem.total.as_usize() as f64);
[INFO] [stdout]    |                                       ^^^^^^^^ method not found in `ByteSize`
[INFO] [stdout] 
[INFO] [stdout] 
[INFO] [stdout] error[E0599]: no method named `as_usize` found for struct `ByteSize` in the current scope
[INFO] [stdout]   --> src/block/memory.rs:18:80
[INFO] [stdout]    |
[INFO] [stdout] 18 |         let perc = 100.0 - ((mem.free.as_usize() as f64) * 100.0) / (mem.total.as_usize() as f64);
[INFO] [stdout]    |                                                                                ^^^^^^^^ method not found in `ByteSize`
[INFO] [stdout] 
[INFO] [stdout] 
[INFO] [stdout] error[E0369]: cannot subtract `ByteSize` from `ByteSize`
[INFO] [stdout]   --> src/block/traffic.rs:27:37
[INFO] [stdout]    |
[INFO] [stdout] 27 |         let (d_rx, d_tx) = ((new_rx - cur_rx) as f32 / (1024.0 * 1024.0) / (PERIOD as f32),
[INFO] [stdout]    |                              ------ ^ ------ ByteSize
[INFO] [stdout]    |                              |
[INFO] [stdout]    |                              ByteSize
[INFO] [stdout] 
[INFO] [stdout] 
[INFO] [stdout] error[E0369]: cannot subtract `ByteSize` from `ByteSize`
[INFO] [stdout]   --> src/block/traffic.rs:28:37
[INFO] [stdout]    |
[INFO] [stdout] 28 | ...                   (new_tx - cur_tx) as f32 / (1024.0 * 1024.0) / (PERIOD as f32));
[INFO] [stdout]    |                        ------ ^ ------ ByteSize
[INFO] [stdout]    |                        |
[INFO] [stdout]    |                        ByteSize
[INFO] [stdout] 
[INFO] [stdout] 
[INFO] [stdout] error[E0369]: cannot subtract `ByteSize` from `ByteSize`
[INFO] [stdout]   --> src/block/traffic.rs:27:37
[INFO] [stdout]    |
[INFO] [stdout] 27 |         let (d_rx, d_tx) = ((new_rx - cur_rx) as f32 / (1024.0 * 1024.0) / (PERIOD as f32),
[INFO] [stdout]    |                              ------ ^ ------ ByteSize
[INFO] [stdout]    |                              |
[INFO] [stdout]    |                              ByteSize
[INFO] [stdout] 
[INFO] [stdout] 
[INFO] [stdout] error[E0369]: cannot subtract `ByteSize` from `ByteSize`
[INFO] [stdout]   --> src/block/traffic.rs:28:37
[INFO] [stdout]    |
[INFO] [stdout] 28 | ...                   (new_tx - cur_tx) as f32 / (1024.0 * 1024.0) / (PERIOD as f32));
[INFO] [stdout]    |                        ------ ^ ------ ByteSize
[INFO] [stdout]    |                        |
[INFO] [stdout]    |                        ByteSize
[INFO] [stdout] 
[INFO] [stdout] 
[INFO] [stdout] error: aborting due to 4 previous errors
[INFO] [stdout] 
[INFO] [stdout] 
[INFO] [stdout] Some errors have detailed explanations: E0369, E0599.
[INFO] [stdout] 
[INFO] [stdout] For more information about an error, try `rustc --explain E0369`.
[INFO] [stdout] 
[INFO] [stderr] error: could not compile `status-parallel`.
[INFO] [stderr] 
[INFO] [stderr] To learn more, run the command again with --verbose.
[INFO] [stderr] warning: build failed, waiting for other jobs to finish...
[INFO] [stdout] error: aborting due to 4 previous errors
[INFO] [stdout] 
[INFO] [stdout] 
[INFO] [stdout] Some errors have detailed explanations: E0369, E0599.
[INFO] [stdout] 
[INFO] [stdout] For more information about an error, try `rustc --explain E0369`.
[INFO] [stdout] 
[INFO] [stderr] error: build failed
[INFO] running `Command { std: "docker" "inspect" "5c6150c412ef9ead670e6f439953a1c59e75a2f31bb86a529d23d372d0a0e443", kill_on_drop: false }`
[INFO] running `Command { std: "docker" "rm" "-f" "5c6150c412ef9ead670e6f439953a1c59e75a2f31bb86a529d23d372d0a0e443", kill_on_drop: false }`
[INFO] [stdout] 5c6150c412ef9ead670e6f439953a1c59e75a2f31bb86a529d23d372d0a0e443
